et j(q) = -1533*q + 1837. Is j(-64) prime?
False
Let b(f) = 28*f**3 + 2*f**2 - 7*f - 7. Let c be b(4). Let j = c + -930. Suppose j = 4*u - 3*m, 5*u = -2*m - 0*m + 1091. Is u composite?
True
Let m(v) = -4555*v**3 - v**2 + 10*v + 9. Is m(-1) prime?
False
Let i(u) = 2*u**2 - 28*u - 3*u**2 - 16 + 19*u. Let d be i(-7). Is 46*15 - 2/d a prime number?
True
Let z(u) = 8*u**2 - 24*u - 4. Let a be z(3). Let y(n) = -1114*n - 35. Is y(a) prime?
True
Let i(f) = 3*f**3 - 8*f**2 + 26*f - 64. Let o be (3/2)/3 + 58/4. Is i(o) a prime number?
False
Is 3247542/216 + -1 + (-2)/(-24) prime?
False
Let z be (-1)/3 + (-352)/(-48) + -4. Is z - -22753 - 3*7/(-21) prime?
False
Let a(h) = -h**2 - 21*h - 51. Let r be a(-18). Suppose 0 = m - 0*m + r, -4*m + 3133 = 5*j. Is j a composite number?
True
Let c = 114 + -144. Is (-45)/c*(2 - -10291 - -1) a composite number?
True
Suppose -3*s = w - 4463, -2*w + 6*w + 1466 = s. Suppose 0 = -3*y + s + 5945. Is y a prime number?
True
Let w(n) = -n**2 - 7*n + 1. Let h be w(-7). Let k(q) = 382*q + 15. Is k(h) a composite number?
False
Suppose -r - 40 = -2*p, -3*r - 2*p = r + 110. Is 32534/1*(-15)/r a prime number?
True
Let m be 298 + -1 + (-4)/(-2). Let y = m - 171. Let g = 579 - y. Is g a composite number?
True
Let c(j) be the third derivative of -j**6/40 - 11*j**5/60 + 9*j**4/8 + 9*j**3/2 - 122*j**2. Is c(-10) composite?
False
Let p = 2050 + 43900. Let c = p + -14965. Is c a composite number?
True
Suppose 513 - 501 = -4*m. Let p(k) = 2370*k**2 + 6*k + 14. Is p(m) a prime number?
False
Let l(a) = -a**2 - 6*a + 9. Let p be l(-7). Let n = p - -11. Suppose -9*c + n*c = 1996. Is c a prime number?
True
Let m(b) = 65*b - 82. Let d be m(3). Suppose 0 = 7*a - 216 - d. Is a composite?
False
Let n be (-2)/11 + (-570)/(-110). Suppose d + 1450 = l - 3*d, 5833 = 4*l - n*d. Is 1/(1464/l + -1) prime?
False
Let y(q) = 10*q**2 + 18*q - 9. Let p(o) = 12*o**2 + 19*o - 11. Let m(b) = -4*p(b) + 5*y(b). Let d be (-22)/3 - 26/39. Is m(d) a prime number?
False
Suppose 0*u - 5*y = -2*u + 16536, 4*u - 33092 = 5*y. Let w = 14359 - u. Is w prime?
False
Let o = 98814 - -38456. Suppose -o = -11*b - 15973. Is b a prime number?
True
Suppose 11*w = -9*w. Let t(k) = -8*k. Let m be t(-2). Suppose w = m*b - 11*b - 2855. Is b prime?
True
Suppose 0 = -2*i + 86 + 6. Let n(u) = -u**3 + 14*u**2 + 1. Let a be n(14). Let q = i + a. Is q composite?
False
Let w = -29 - -162. Let q be 15/18 + (-2)/(-12). Is q*(w - 4) - 2 composite?
False
Is (-8)/(-36) + (-339417)/(-243) prime?
False
Let a = -430698 - -964207. Is a a prime number?
True
Let k = 613 - 138. Let r = 7012 - k. Is r composite?
True
Let n(c) = -c**3 - 7*c**2 - 13*c - 9. Let u = 12 + -17. Let g be n(u). Suppose i = 3*d - 1697, -2*d - 2262 = -g*d + i. Is d a prime number?
False
Let x = 14 + -39. Let l be (1 - x/(-15))/(1/18). Let y = 95 + l. Is y prime?
True
Let s = -606 - -6445. Is s prime?
True
Is (11/33)/(((-5)/20739)/(-5)) composite?
True
Suppose 2*u - 9335 = 5*a, 2*a - 4665 = -u + 7*a. Let n = u + -2617. Is n composite?
False
Let z be 40/19 - 4/38. Suppose 0 = -3*h + j + 8784, -h + 4*j + 8793 = z*h. Is h a prime number?
True
Suppose 3*l + 1582*c - 109557 = 1585*c, -146096 = -4*l - c. Is l composite?
False
Suppose -47*v + 195111806 = 512*v + 19380653. Is v a composite number?
True
Suppose 0 = -3*y + 4*t - 11 + 34, -5*t - 25 = 0. Is y/(-3)*(7 - 54118) composite?
True
Let k(f) = 61*f - 842. Let s(x) = -16*x + 211. Let o(d) = -4*k(d) - 15*s(d). Let g(u) = -u - 1. Let n be g(-1). Is o(n) a composite number?
True
Suppose -g + 733 = 729. Is (-10)/g*(-27946)/445 composite?
False
Let a(s) = -3*s**3 - 2*s**2 + 7*s + 6. Let x(q) = -5*q**3 - 3*q**2 + 13*q + 11. Let k(i) = 7*a(i) - 4*x(i). Let c be k(-1). Is 65 + c*2/6 composite?
True
Let d(o) = -2*o**3 - 5*o**2 + 3*o + 7. Let u be d(-2). Is 1011*(-1)/(5 + -5 + u) a prime number?
True
Is ((-88)/(-16) - (-3 + 9))*-303262 a composite number?
False
Let p(d) = -4762*d**3 + 4*d**2 + 14*d + 29. Is p(-2) prime?
True
Let z = -24200 - -41211. Is z a prime number?
True
Suppose 3*x - 309270 - 1036665 = -2*d, 3*x = d + 1345926. Is x a prime number?
False
Suppose 3 = c + u, 4*u - u - 1 = c. Suppose c*m + 7*p = 2*p + 2001, 3*p - 1995 = -2*m. Is m prime?
False
Let r(a) = -26098*a - 4153. Is r(-27) a composite number?
True
Suppose -1010447 + 316243 = 7*b. Is (b/6)/(18/(-27)) a composite number?
False
Let o = 27 + -17. Is (-1)/((-15)/o - 18775/(-12518)) prime?
False
Let a = -6 + 11. Suppose 9*y + 3328 = a*y. Let c = 337 - y. Is c composite?
True
Let z(x) = -120*x - 20. Let q = 67 + -71. Let c be z(q). Let p = -249 + c. Is p a prime number?
True
Let b(s) = 1328*s + 22. Let d(q) = 664*q + 11. Let m(v) = 4*b(v) - 9*d(v). Is m(-1) prime?
True
Let z = -1811 - -3213. Suppose 3480 = 5*a + 5*d, 2*a - 20*d + 24*d = z. Is a a prime number?
True
Suppose 80*w - 6597750 = -2303270. Is w a composite number?
False
Suppose -w + 660775 = v, -3303883 = 168*v - 173*v - 3*w. Is v composite?
True
Suppose 2*p - 9572 = 2*w - 2732, -3*p = 2*w - 10285. Let a = 1892 + p. Is a composite?
True
Suppose 0 = -4*a - 1 + 9. Suppose 5*j - a*i + 10631 = 27912, -4*j = 3*i - 13834. Is j a composite number?
False
Suppose -18*r = 62*r - 5164240. Is r a composite number?
False
Let n(v) = 273*v**2 + 46*v - 358. Is n(63) prime?
False
Let u = -292 - -269. Let x(q) = -291*q + 214. Is x(u) composite?
False
Suppose -26*k - 22*k + 2400720 = 519168. Is k composite?
False
Let h(f) = f**3 + 6*f**2 + 15*f + 541507. Is h(0) a composite number?
False
Let l(x) = -2*x**3 - 13*x**2 + 253*x + 31. Is l(-35) prime?
True
Is (-12)/27 + 134957725/279 composite?
False
Suppose 0 = -4*c - 4, -2*v = -v + 3*c - 5. Suppose -3*z = 4 + v, 3*k - 14261 = -4*z. Is k a prime number?
True
Is (-10 - (-69)/6)*3/(9/796226) a prime number?
True
Let g = 155 + -52. Let l = g - -36. Is l composite?
False
Let a(x) = 32*x**2 + 28*x - 5. Let q be a(17). Suppose -82*w = -81*w - q. Is w composite?
False
Suppose -3*j + 15 = 3. Suppose j*w = 4*s - 3060, -1495 = -0*w + 2*w + 5*s. Let n = 1649 + w. Is n a composite number?
True
Suppose 128*l - 2117353 = -3*l. Is l composite?
True
Suppose 14*v - 146379 = 161075. Suppose 20*j = v + 15899. Is j a composite number?
True
Suppose 4*w - 147923 - 141573 = -4*c, -w = -4*c + 289521. Is c composite?
False
Suppose 45331 = 3*l + 2*v, -l + 4*v + 8802 + 6285 = 0. Is l prime?
True
Suppose 25 = -3*k - 4*q - 16, -3*k - 5*q = 46. Let l(z) = 9*z**2 - 5*z - 2. Let h be l(k). Suppose -g - 2*g = -h. Is g a prime number?
False
Suppose 0 = 3*d - 3*c - 9, 8 = d - 3*c - 1. Is d + (-2)/3 + (-117102)/(-18) a prime number?
False
Suppose 391 = 8*q + 9*q. Suppose 0 = -2*i + 3*z + 2*z, -5*i + z = -q. Suppose i*k - 533 = 2252. Is k composite?
False
Let o = -22669 + 3532. Let y = o + 30151. Is y prime?
False
Let q(s) = -3752*s + 967. Is q(-77) prime?
True
Let q = 3472 - -14119. Is q - (-4 - -22)*(-1)/3 composite?
False
Let l = -23 + 19. Let x be (6 - 2)/l*-1. Is x/((-1)/(-565 + 2)) a composite number?
False
Let y be (-3)/(302/(-148) - -2*1). Let o be ((-4)/14)/1 + y/14. Suppose o*i = 4*i + 19. Is i composite?
False
Let s = -103681 - -177008. Is s a composite number?
False
Let o = 63946 + -40289. Is o a composite number?
True
Let w be -8 + 9 - 0/(-3). Suppose -r + w + 4 = 0. Suppose -2*l - 1154 = -4*p - 6568, -r*p - 5418 = -2*l. Is l composite?
False
Is (2/(-11))/1 - (-85014124)/44 a prime number?
False
Let q(x) = -5*x**2 + 46*x - 3. Let k be q(9). Suppose 0 = 2*b + k, 8780 + 1327 = 3*i + 2*b. Is i composite?
False
Let g be ((-119)/21 + 1)/(4/(-6)). Let u(d) = -g*d + 26*d - 17*d + 6 + 131*d**2. Is u(-5) composite?
False
Suppose 194585 = 4*d + r, -4*r + 50505 = d + 1870. Is d a prime number?
True
Let w(k) = -225*k**3 - 4*k**2 - 49*k + 4. Is w(-9) composite?
True
Suppose -11 = 2*z - 21. Suppose i + 5*m = 79, 0*i + 5*i = -z*m + 395. Is i prime?
True
Let p be 1/(30585/(-168278) - 18/(-99)). Suppose -6*u + 8996 = -p. Is u composite?
False
Let l(k) = 4*k**2 - 247*k - 24. Is l(83) a prime number?
False
Let h(k) be the second derivative of k**5/20 + 5*k**4/6 - 3*k**3/2 - k**2/2 - 89*k - 2. Suppose -16 = -0*l + 2*l. Is h(l) composite?
False
Is (1 - 0)*-1 - (-27)/(432/238784) a composite number?
False
Let t be (-951)/(-2*(-1)/(-8)). Let g = -157 + t. Is g a composite number?
Tr